{"id":3291,"date":"2025-12-16T14:16:30","date_gmt":"2025-12-16T13:16:30","guid":{"rendered":"https:\/\/www.ilederephotoclub.com\/?post_type=mec-events&#038;p=3291"},"modified":"2025-12-16T14:24:02","modified_gmt":"2025-12-16T13:24:02","slug":"composition-et-emotion","status":"publish","type":"mec-events","link":"https:\/\/www.ilederephotoclub.com\/index.php\/events\/composition-et-emotion\/","title":{"rendered":"Composition et \u00e9motion."},"content":{"rendered":"<p><span data-olk-copy-source=\"MessageBody\">L\u2019\u00e9quilibre visuel au service du ressenti.<\/span><br \/>\nL\u2019\u00e9motion n&#8217;ait-elle du d\u00e9s\u00e9quilibre ou de l\u2019harmonie ?<br \/>\nQuelle part de rationnel dans la composition sensible ?<\/p>\n","protected":false},"excerpt":{"rendered":"<p>L\u2019\u00e9quilibre visuel au service du ressenti. L\u2019\u00e9motion n&#8217;ait-elle du d\u00e9s\u00e9quilibre ou de l\u2019harmonie ? Quelle part de rationnel dans la composition sensible ?<\/p>\n","protected":false},"author":1,"featured_media":0,"comment_status":"closed","ping_status":"closed","template":"","tags":[],"mec_category":[],"class_list":["post-3291","mec-events","type-mec-events","status-publish","hentry"],"_links":{"self":[{"href":"https:\/\/www.ilederephotoclub.com\/index.php\/wp-json\/wp\/v2\/mec-events\/3291","targetHints":{"allow":["GET"]}}],"collection":[{"href":"https:\/\/www.ilederephotoclub.com\/index.php\/wp-json\/wp\/v2\/mec-events"}],"about":[{"href":"https:\/\/www.ilederephotoclub.com\/index.php\/wp-json\/wp\/v2\/types\/mec-events"}],"author":[{"embeddable":true,"href":"https:\/\/www.ilederephotoclub.com\/index.php\/wp-json\/wp\/v2\/users\/1"}],"replies":[{"embeddable":true,"href":"https:\/\/www.ilederephotoclub.com\/index.php\/wp-json\/wp\/v2\/comments?post=3291"}],"wp:attachment":[{"href":"https:\/\/www.ilederephotoclub.com\/index.php\/wp-json\/wp\/v2\/media?parent=3291"}],"wp:term":[{"taxonomy":"post_tag","embeddable":true,"href":"https:\/\/www.ilederephotoclub.com\/index.php\/wp-json\/wp\/v2\/tags?post=3291"},{"taxonomy":"mec_category","embeddable":true,"href":"https:\/\/www.ilederephotoclub.com\/index.php\/wp-json\/wp\/v2\/mec_category?post=3291"}],"curies":[{"name":"wp","href":"https:\/\/api.w.org\/{rel}","templated":true}]}}

Composition et émotion.

<p><span data-olk-copy-source="MessageBody">L’équilibre visuel au service du ressenti.</span><br />
L’émotion n&#8217;ait-elle du déséquilibre ou de l’harmonie ?<br />
Quelle part de rationnel dans la composition sensible ?</p>

<p>L’équilibre visuel au service du ressenti. L’émotion n&#8217;ait-elle du déséquilibre ou de l’harmonie ? Quelle part de rationnel dans la composition sensible ?</p>
